(l) = -55 + 107 + 30 + 36*l - 305 - 58. List the prime factors of m(33).
907
Let a(r) be the second derivative of r**4/6 - 13*r**3/6 + 17*r**2/2 + 35*r. List the prime factors of a(11).
2, 29
Let p(v) = 924*v - 1540. List the prime factors of p(8).
2, 7, 11, 19
Suppose 18*x - 62 = 10. Suppose -x*q + 4*o - 958 = -2670, 3*o = -2*q + 876. List the prime factors of q.
2, 3
Let r(y) be the first derivative of 11*y**3 - 7*y**2 + 6*y - 30. List the prime factors of r(-4).
2, 5, 59
Let a = -203 + 1022. Suppose 0 = -6*i + 963 + a. What are the prime factors of i?
3, 11
Let h = 44 - 41. Suppose 0 = -0*m - 4*m - 4*y - 12, h*m = y + 11. Suppose -24 = -m*w + 24. List the prime factors of w.
2, 3
Let s = -22 - -25. Suppose 3*l = -s*q - 41 + 2, -4*l = 2*q + 20. What are the prime factors of (-2228)/q - ((-30)/8)/5?
2, 5, 7
Let o be ((-1)/(1 - 2))/((-61)/3965). Let s = 48 + o. Let c(n) = n**2 + 10*n - 18. List the prime factors of c(s).
101
Let d(i) = i**2 - 39*i + 46. Let s be d(18). Let m = s + 1534. What are the prime factors of m?
2, 601
Let b(g) = -g**3 + 3*g**2 + 2*g - 2. Let i be b(3). List the prime factors of i/16 + 27063/36.
2, 47
Suppose -5*t + 14 - 54 = 0. Let l be (-136)/(-3)*((-1 - t) + -4). Suppose l = 3*v - 20. What are the prime factors of v?
2, 13
Let j = 4262 - 2594. Suppose 5*i - g = j, -631 = -2*i + 3*g + 44. List the prime factors of i.
3, 37
Let k(n) = 15*n**2 - 13*n + 17. Let l be k(7). Suppose -11*r + 2729 = l. List the prime factors of r.
2, 47
Let o(m) = -m - 9. Let f be (2/(-3))/((-2)/(-42)). Let q be o(f). Suppose -q*v + 2*x + 0*x + 412 = 0, 0 = -2*v - 3*x + 161. What are the prime factors of v?
2, 41
Suppose 0 = -4*b + b + 21. Let n be (46 + 5 + -3)/((-2)/(-9)). Suppose b*g = 5*g + n. List the prime factors of g.
2, 3
Let t be (-12 - -2) + 32 - (-2 - 0). What are the prime factors of 200*((-74)/(-40) + (-6)/t)?
2, 5
Let g(a) be the second derivative of -a**4/12 + 11*a**3/3 - 18*a. Let f be g(22). Suppose -244 - 42 = -2*j - i, -3*i - 6 = f. List the prime factors of j.
2, 3
Let i(g) be the second derivative of -g**5/20 - 5*g**4/4 + 7*g**3/6 - 23*g**2/2 - 4*g + 10. List the prime factors of i(-16).
11
Let r be (6/(-14))/((-1290)/12040). Let c(m) = 0 - 11*m + 42*m - 8. List the prime factors of c(r).
2, 29
What are the prime factors of 424/530 + (50403/15 - 1)?
2, 3, 5, 7
Suppose 0 = -3*q + 41 - 11. Suppose 4*b + 18 = q*b. Suppose -b*j - 75 = -6*j. List the prime factors of j.
5
Let z(w) = 28*w + 38. Let r(o) = 27*o + 39. Let q(h) = -4*r(h) + 5*z(h). Let u be q(8). Let x = 460 - u. What are the prime factors of x?
2, 5, 17
Let w = 49894 + -33163. List the prime factors of w.
3, 11, 13
Let c(k) = 64*k**2 - 10*k + 108. Let o be c(7). Suppose 1029 = -3*j - 3*m + 4203, -3*j = -4*m - o. What are the prime factors of j?
2, 23
Let d be ((-19643)/(-39))/(4/(-12)). Let g = d + 2671. What are the prime factors of g?
2, 5, 29
Suppose -2*j + 29*j = 25488. List the prime factors of j.
2, 59
Let y(z) = 159*z + 188. Let a be y(3). Let p = a - -284. List the prime factors of p.
13, 73
Let t(o) = o**3 - 13*o**2 + 12*o - 4. Let f = -72 - -84. Let x be t(f). What are the prime factors of (-1048)/x*3/(-6)*-1?
131
Let c(j) = 294*j - 30. Let p be c(5). Suppose 2*v + p = 10*v. Let h = -19 + v. List the prime factors of h.
7, 23
Suppose -4*t = -0*t + f - 15, 0 = -2*t + 5*f - 9. What are the prime factors of 1720 - t - (2 + 5)?
2, 3, 5, 19
Let z(l) = 164*l - 8. Let p be z(4). Let j = p - 244. List the prime factors of j.
2, 101
Let a be (-228)/(-48) + 2/8. Suppose 0 = -a*g - 501 + 2411. Suppose -3*i + g = 94. List the prime factors of i.
2, 3
Let d = -360 + 367. Suppose -3*z + 6*g - d*g = -2366, 2*g = -4*z + 3156. What are the prime factors of z?
2, 197
Let s = 33590 + -9255. List the prime factors of s.
5, 31, 157
Let p = 141 + -136. Suppose -p*o = 14*k - 9*k - 1685, 4*k = 3*o - 1046. List the prime factors of o.
2, 3, 19
Let s(j) = -10 - 8*j**2 + 1 - 14 - j**3 - 2*j + 4. Let d be s(-8). What are the prime factors of (103/d)/((-5)/(-15)*-1)?
103
Suppose -2*g = -0*g + 92. Let w(z) = z**3 - 6*z**2 + 20*z - 70. Let f be w(4). Let h = f - g. What are the prime factors of h?
2, 3
Let l = -269 + 455. Let f = l + 62. List the prime factors of f.
2, 31
Let h = -104 - -714. What are the prime factors of h?
2, 5, 61
Suppose -4*d = a - 32, -a = -5*d + 12 + 1. Suppose a*b = -0*b + 5076. List the prime factors of b.
3, 47
Let o(b) = b**3 - 98*b**2 - 288*b + 156. List the prime factors of o(103).
23537
Suppose 405 = 3*s + 2016. Let z = s + 1590. List the prime factors of z.
3, 13
Let j(n) = 920*n + 762. List the prime factors of j(24).
2, 3, 47
Let o(q) = 12*q - 6. Let p be o(-12). Let i = -55 - p. Suppose 4*m = 501 + i. List the prime factors of m.
149
Let b(a) be the third derivative of a**6/120 - a**5/10 + a**4/6 + 7*a**3/6 + 3*a**2. Let l = -38 + 45. List the prime factors of b(l).
2, 3, 7
Let a(o) = 24*o**3 - 3*o**2 - 4*o + 25. Let f(h) = -4*h**2 + 49*h - 9. Let w be f(12). What are the prime factors of a(w)?
2, 317
Suppose 4*p - 16*u + 21*u - 3445 = 0, -3*p - 4*u + 2585 = 0. Let v = p - 302. What are the prime factors of v?
7, 79
Suppose -2*j = -6*j + 3*k, 0 = -5*j + k + 11. Let h be (-3)/(-7 + j + 52/16). Suppose -3*x + 4*d = x - 88, h*d - 27 = -x. List the prime factors of x.
23
Let o = -836 - -1780. Suppose 3*r = 2*u - 1346, 5*u - 2421 = -4*r + o. List the prime factors of u.
673
Let u(t) = -179*t**3 - t**2 - 23*t - 122. List the prime factors of u(-4).
2, 5, 7, 163
Suppose 0 = -7*b - 38 - 18. Let w(c) be the first derivative of -13*c**2/2 - 3*c - 55. What are the prime factors of w(b)?
101
Suppose 29*r + 5*j - 137 = 28*r, 0 = 3*j - 9. Suppose r*o - 121*o - 139 = 0. What are the prime factors of o?
139
Let m = -497 + 921. Suppose -4*a = 2*s - 8*a - m, s - 200 = -a. List the prime factors of s.
2, 3, 17
What are the prime factors of (-10 + 5)*(-1814 - -16)?
2, 5, 29, 31
Let w be 3 - (-51)/(-15) - 77/(-5). Let h be 1*w/10*(-16)/(-6). Let k(i) = 5*i**2 - 3*i + 7. List the prime factors of k(h).
3, 5
What are the prime factors of 6810 + 0/3 + 2?
2, 13, 131
Let r(v) = -13*v - 49. Let o be r(-4). Suppose 4*l + 20 = 0, -3*t = -2*t + o*l - 543. What are the prime factors of t?
2, 3, 31
Let v(p) = 13*p**2 + p - 6. Let t be v(-2). Suppose t = 2*w - 52. What are the prime factors of w?
2, 3
Let v(u) = 4*u**2 - 11*u - 1. Let y(k) = -9*k**2 + 21*k + 1. Let f(l) = -5*v(l) - 3*y(l). Let a be f(-4). Let s = a + -49. List the prime factors of s.
97
Suppose 2 = -14*s + 15*s. Suppose 0 = -3*z - 3*j + 6, -6*z - 37 = -s*z - 5*j. List the prime factors of 2/z - -314*(-5)/(-15).
2, 13
Suppose 0 = -9*p + 3*p + 13830. Let i = 3284 - p. List the prime factors of i.
11, 89
Let n = 7647 + 1061. What are the prime factors of n?
2, 7, 311
Let d be ((-36)/45)/((-2)/(-5)). Let y be d*4/8 + 1. Suppose 5*z + 4*x - 57 = y, 2*z - 4*x = -z + 47. List the prime factors of z.
13
Suppose 7*v = 686 - 126. Suppose -3 = -3*l + 2*l. Suppose l*w = -4*h - w + v, -5*w = 4*h - 83. List the prime factors of h.
17
Suppose 0 = 5*c - 2*x - 5, 5*c - 4*x + x = 0. Suppose 4*k - 4076 = -5*o, -4 = -4*o + c*o. List the prime factors of k.
2, 3, 13
Let k = 106373 - 63121. What are the prime factors of k?
2, 11, 983
Let m(a) = 3*a - 3. Let i be m(7). Let o(d) = -3 - i*d - 3 - 6 + 17*d. What are the prime factors of o(-19)?
7
Let i be (0 + 299)/(5 - 8 - -4). Let v = -151 + i. What are the prime factors of v?
2, 37
Let m(x) = x**2 + 16*x + 43. Let i = -113 - -100. Let t be m(i). Suppose 2*z - t*n = z + 307, 0 = -z - 3*n + 321. List the prime factors of z.
3, 5, 7
Suppose -5*s + 2*p = -8, -7*p - 1 = -8*p. Suppose 4*r = 20, 7*k + s*r = 2*k + 2205. What are the prime factors of k?
439
Suppose -398476 = -358*j + 306*j. List the prime factors of j.
79, 97
Let y be 4 - 1 - ((-1)/(-1) + -1382). Suppose 4*r = 4, -5*f = -0*f - r - y. What are the prime factors of f?
277
Let i = 10333 + -6732. Let c = i - 2488. List the prime factors of c.
3, 7, 53
Suppose 540 = -3*l - 5*a, -4*l + 6*a - 2*a - 688 = 0. Let s = l - -385. What are the prime factors of s?
2, 3, 5, 7
Let p(f) = -14*f**2 + 763*f - 108. What are the prime factors of p(35)?
3, 47, 67
Suppose -2 = -y + 3. Suppose 1565 = 4*p + y*q, 0*q - q + 1182 = 3*p. List the prime f